{"id":2910,"date":"2017-01-28T18:15:50","date_gmt":"2017-01-28T17:15:50","guid":{"rendered":"http:\/\/www.studioli.ch\/web\/?page_id=2910"},"modified":"2017-03-07T20:16:15","modified_gmt":"2017-03-07T19:16:15","slug":"fisioterapia","status":"publish","type":"page","link":"https:\/\/www.studioli.ch\/web\/fisioterapia\/","title":{"rendered":"Fisioterapia"},"content":{"rendered":"<div class=\"wpb-content-wrapper\"><p>[vc_row top=&#8221;50px&#8221; bottom=&#8221;30px&#8221;][vc_column][vc_column_text]<\/p>\n<p style=\"text-align: justify;\">\u00c8 la terapia convenzionale nel campo della riabilitazione, soprattutto post-operatoria oppure pre-intervento. I fisioterapisti sono professionisti accademici e, assieme ai medici fisiatri, medici generici o specialisti, curano i problemi muscolari e le disfunzioni articolari, i disturbi del sistema nervoso e dell&#8217;ambito respiratorio, i disturbi cognitivi, oncologici e di vario altro genere. Le cure prevedono diverse modalit\u00e0 di terapia: antalgica, antinfiammatoria, recupero della mobilizzazione articolare e dell&#8217; elasticit\u00e0 muscolare, coordinazione dei movimenti, equilibrio del corpo, rieducazione posturale e cos\u00ec via.<\/p>\n<p style=\"text-align: justify;\">Esistono diverse tecniche di fisioterapia: manuale, tramite apparecchio elettro-fisico, ginnastica correttiva, sia durante la malattia in fase acuta o in fase cronica, sia come prevenzione.<\/p>\n<p>[\/vc_column_text][\/vc_column][\/vc_row][vc_row top=&#8221;30px&#8221;][vc_column][vc_column_text]<img loading=\"lazy\" decoding=\"async\" class=\"aligncenter wp-image-3372 size-full\" src=\"http:\/\/www.studioli.ch\/web\/wp-content\/uploads\/2017\/01\/fisioterapia_1-1.png\" alt=\"\" width=\"736\" height=\"550\" srcset=\"https:\/\/www.studioli.ch\/web\/wp-content\/uploads\/2017\/01\/fisioterapia_1-1.png 736w, https:\/\/www.studioli.ch\/web\/wp-content\/uploads\/2017\/01\/fisioterapia_1-1-300x224.png 300w\" sizes=\"(max-width: 736px) 100vw, 736px\" \/>[\/vc_column_text][\/vc_column][\/vc_row]<\/p>\n<\/div>","protected":false},"excerpt":{"rendered":"<p>[vc_row top=&#8221;50px&#8221; bottom=&#8221;30px&#8221;][vc_column][vc_column_text] \u00c8 la terapia convenzionale nel campo della riabilitazione, soprattutto post-operatoria oppure pre-intervento. I fisioterapisti sono professionisti accademici e, assieme ai medici fisiatri, medici generici o specialisti, curano i problemi muscolari e le disfunzioni articolari, i disturbi del sistema nervoso e dell&#8217;ambito respiratorio, i disturbi cognitivi, oncologici e di vario altro genere. Le [&hellip;]<\/p>\n","protected":false},"author":1,"featured_media":0,"parent":0,"menu_order":0,"comment_status":"closed","ping_status":"closed","template":"page-full-width.php","meta":{"footnotes":""},"yoast_head":"<!-- This site is optimized with the Yoast SEO plugin v22.2 - https:\/\/yoast.com\/wordpress\/plugins\/seo\/ -->\n<title>Fisioterapia - Studio Li - Fisioterapia e agopuntura<\/title>\n<meta name=\"robots\" content=\"index, follow, max-snippet:-1, max-image-preview:large, max-video-preview:-1\" \/>\n<link rel=\"canonical\" href=\"https:\/\/www.studioli.ch\/web\/fisioterapia\/\" \/>\n<meta property=\"og:locale\" content=\"it_IT\" \/>\n<meta property=\"og:type\" content=\"article\" \/>\n<meta property=\"og:title\" content=\"Fisioterapia - Studio Li - Fisioterapia e agopuntura\" \/>\n<meta property=\"og:description\" content=\"[vc_row top=&#8221;50px&#8221; bottom=&#8221;30px&#8221;][vc_column][vc_column_text] \u00c8 la terapia convenzionale nel campo della riabilitazione, soprattutto post-operatoria oppure pre-intervento. I fisioterapisti sono professionisti accademici e, assieme ai medici fisiatri, medici generici o specialisti, curano i problemi muscolari e le disfunzioni articolari, i disturbi del sistema nervoso e dell&#8217;ambito respiratorio, i disturbi cognitivi, oncologici e di vario altro genere. Le [&hellip;]\" \/>\n<meta property=\"og:url\" content=\"https:\/\/www.studioli.ch\/web\/fisioterapia\/\" \/>\n<meta property=\"og:site_name\" content=\"Studio Li - Fisioterapia e agopuntura\" \/>\n<meta property=\"article:modified_time\" content=\"2017-03-07T19:16:15+00:00\" \/>\n<meta property=\"og:image\" content=\"http:\/\/www.studioli.ch\/web\/wp-content\/uploads\/2017\/01\/fisioterapia_1-1.png\" \/>\n<meta name=\"twitter:card\" content=\"summary_large_image\" \/>\n<meta name=\"twitter:label1\" content=\"Tempo di lettura stimato\" \/>\n\t<meta name=\"twitter:data1\" content=\"1 minuto\" \/>\n<script type=\"application\/ld+json\" class=\"yoast-schema-graph\">{\"@context\":\"https:\/\/schema.org\",\"@graph\":[{\"@type\":\"WebPage\",\"@id\":\"https:\/\/www.studioli.ch\/web\/fisioterapia\/\",\"url\":\"https:\/\/www.studioli.ch\/web\/fisioterapia\/\",\"name\":\"Fisioterapia - Studio Li - Fisioterapia e agopuntura\",\"isPartOf\":{\"@id\":\"https:\/\/www.studioli.ch\/web\/#website\"},\"primaryImageOfPage\":{\"@id\":\"https:\/\/www.studioli.ch\/web\/fisioterapia\/#primaryimage\"},\"image\":{\"@id\":\"https:\/\/www.studioli.ch\/web\/fisioterapia\/#primaryimage\"},\"thumbnailUrl\":\"http:\/\/www.studioli.ch\/web\/wp-content\/uploads\/2017\/01\/fisioterapia_1-1.png\",\"datePublished\":\"2017-01-28T17:15:50+00:00\",\"dateModified\":\"2017-03-07T19:16:15+00:00\",\"breadcrumb\":{\"@id\":\"https:\/\/www.studioli.ch\/web\/fisioterapia\/#breadcrumb\"},\"inLanguage\":\"it-IT\",\"potentialAction\":[{\"@type\":\"ReadAction\",\"target\":[\"https:\/\/www.studioli.ch\/web\/fisioterapia\/\"]}]},{\"@type\":\"ImageObject\",\"inLanguage\":\"it-IT\",\"@id\":\"https:\/\/www.studioli.ch\/web\/fisioterapia\/#primaryimage\",\"url\":\"http:\/\/www.studioli.ch\/web\/wp-content\/uploads\/2017\/01\/fisioterapia_1-1.png\",\"contentUrl\":\"http:\/\/www.studioli.ch\/web\/wp-content\/uploads\/2017\/01\/fisioterapia_1-1.png\"},{\"@type\":\"BreadcrumbList\",\"@id\":\"https:\/\/www.studioli.ch\/web\/fisioterapia\/#breadcrumb\",\"itemListElement\":[{\"@type\":\"ListItem\",\"position\":1,\"name\":\"Home\",\"item\":\"https:\/\/www.studioli.ch\/web\/\"},{\"@type\":\"ListItem\",\"position\":2,\"name\":\"Fisioterapia\"}]},{\"@type\":\"WebSite\",\"@id\":\"https:\/\/www.studioli.ch\/web\/#website\",\"url\":\"https:\/\/www.studioli.ch\/web\/\",\"name\":\"Studio Li - Fisioterapia e agopuntura\",\"description\":\"Studio Li - Fisioterapia e agopuntura\",\"potentialAction\":[{\"@type\":\"SearchAction\",\"target\":{\"@type\":\"EntryPoint\",\"urlTemplate\":\"https:\/\/www.studioli.ch\/web\/?s={search_term_string}\"},\"query-input\":\"required name=search_term_string\"}],\"inLanguage\":\"it-IT\"}]}<\/script>\n<!-- \/ Yoast SEO plugin. -->","yoast_head_json":{"title":"Fisioterapia - Studio Li - Fisioterapia e agopuntura","robots":{"index":"index","follow":"follow","max-snippet":"max-snippet:-1","max-image-preview":"max-image-preview:large","max-video-preview":"max-video-preview:-1"},"canonical":"https:\/\/www.studioli.ch\/web\/fisioterapia\/","og_locale":"it_IT","og_type":"article","og_title":"Fisioterapia - Studio Li - Fisioterapia e agopuntura","og_description":"[vc_row top=&#8221;50px&#8221; bottom=&#8221;30px&#8221;][vc_column][vc_column_text] \u00c8 la terapia convenzionale nel campo della riabilitazione, soprattutto post-operatoria oppure pre-intervento. I fisioterapisti sono professionisti accademici e, assieme ai medici fisiatri, medici generici o specialisti, curano i problemi muscolari e le disfunzioni articolari, i disturbi del sistema nervoso e dell&#8217;ambito respiratorio, i disturbi cognitivi, oncologici e di vario altro genere. Le [&hellip;]","og_url":"https:\/\/www.studioli.ch\/web\/fisioterapia\/","og_site_name":"Studio Li - Fisioterapia e agopuntura","article_modified_time":"2017-03-07T19:16:15+00:00","og_image":[{"url":"http:\/\/www.studioli.ch\/web\/wp-content\/uploads\/2017\/01\/fisioterapia_1-1.png"}],"twitter_card":"summary_large_image","twitter_misc":{"Tempo di lettura stimato":"1 minuto"},"schema":{"@context":"https:\/\/schema.org","@graph":[{"@type":"WebPage","@id":"https:\/\/www.studioli.ch\/web\/fisioterapia\/","url":"https:\/\/www.studioli.ch\/web\/fisioterapia\/","name":"Fisioterapia - Studio Li - Fisioterapia e agopuntura","isPartOf":{"@id":"https:\/\/www.studioli.ch\/web\/#website"},"primaryImageOfPage":{"@id":"https:\/\/www.studioli.ch\/web\/fisioterapia\/#primaryimage"},"image":{"@id":"https:\/\/www.studioli.ch\/web\/fisioterapia\/#primaryimage"},"thumbnailUrl":"http:\/\/www.studioli.ch\/web\/wp-content\/uploads\/2017\/01\/fisioterapia_1-1.png","datePublished":"2017-01-28T17:15:50+00:00","dateModified":"2017-03-07T19:16:15+00:00","breadcrumb":{"@id":"https:\/\/www.studioli.ch\/web\/fisioterapia\/#breadcrumb"},"inLanguage":"it-IT","potentialAction":[{"@type":"ReadAction","target":["https:\/\/www.studioli.ch\/web\/fisioterapia\/"]}]},{"@type":"ImageObject","inLanguage":"it-IT","@id":"https:\/\/www.studioli.ch\/web\/fisioterapia\/#primaryimage","url":"http:\/\/www.studioli.ch\/web\/wp-content\/uploads\/2017\/01\/fisioterapia_1-1.png","contentUrl":"http:\/\/www.studioli.ch\/web\/wp-content\/uploads\/2017\/01\/fisioterapia_1-1.png"},{"@type":"BreadcrumbList","@id":"https:\/\/www.studioli.ch\/web\/fisioterapia\/#breadcrumb","itemListElement":[{"@type":"ListItem","position":1,"name":"Home","item":"https:\/\/www.studioli.ch\/web\/"},{"@type":"ListItem","position":2,"name":"Fisioterapia"}]},{"@type":"WebSite","@id":"https:\/\/www.studioli.ch\/web\/#website","url":"https:\/\/www.studioli.ch\/web\/","name":"Studio Li - Fisioterapia e agopuntura","description":"Studio Li - Fisioterapia e agopuntura","potentialAction":[{"@type":"SearchAction","target":{"@type":"EntryPoint","urlTemplate":"https:\/\/www.studioli.ch\/web\/?s={search_term_string}"},"query-input":"required name=search_term_string"}],"inLanguage":"it-IT"}]}},"_links":{"self":[{"href":"https:\/\/www.studioli.ch\/web\/wp-json\/wp\/v2\/pages\/2910"}],"collection":[{"href":"https:\/\/www.studioli.ch\/web\/wp-json\/wp\/v2\/pages"}],"about":[{"href":"https:\/\/www.studioli.ch\/web\/wp-json\/wp\/v2\/types\/page"}],"author":[{"embeddable":true,"href":"https:\/\/www.studioli.ch\/web\/wp-json\/wp\/v2\/users\/1"}],"replies":[{"embeddable":true,"href":"https:\/\/www.studioli.ch\/web\/wp-json\/wp\/v2\/comments?post=2910"}],"version-history":[{"count":10,"href":"https:\/\/www.studioli.ch\/web\/wp-json\/wp\/v2\/pages\/2910\/revisions"}],"predecessor-version":[{"id":3373,"href":"https:\/\/www.studioli.ch\/web\/wp-json\/wp\/v2\/pages\/2910\/revisions\/3373"}],"wp:attachment":[{"href":"https:\/\/www.studioli.ch\/web\/wp-json\/wp\/v2\/media?parent=2910"}],"curies":[{"name":"wp","href":"https:\/\/api.w.org\/{rel}","templated":true}]}}